w - w + c, -3*w + 9 = 2*c. Let t(h) = h**2 + w + 2 + 3*h**2 + h**3 - 3. Calculate t(-4).
2
Let k(x) = -x**2 + 8*x + 4. Let j(n) = 3*n**2 - 25*n - 12. Let z(u) = -2*j(u) - 7*k(u). Let o = 14 - 9. Give z(o).
-9
Let c be 3*2/(-4) - (-4)/8. Let u(a) be the second derivative of a**3/6 + a**2/2 - a. Determine u(c).
0
Let u(p) = p**2 + 8*p - 6. Let b be u(-9). Let c(a) = -a**2 + 4*a**2 - 5*a**2 + 2 + 1 + 2*a. Calculate c(b).
-9
Let p be -1 + -8*1/(-2). Suppose 5*s - j + 15 = 0, 2*s + 3*j = 5*s - p. Let l(f) be the first derivative of f**3/3 + 5*f**2/2 + 3*f + 2. What is l(s)?
-1
Let g(h) = -h**3 + 3*h**2 + h - 4. Let i be 5 + -4 + 1 - 12. Let x = -7 - i. Give g(x).
-1
Let m(i) = i**3 - 3*i**2 - 3*i. Let j = 6 + -3. Suppose 22 = 5*k - 18. Suppose 2*a - k = -j*z, z + 4 = -0*a + a. What is m(a)?
4
Let s(h) = 2*h + 5. Suppose -4*k - 4 = 2*n, 0 = -3*n - n + 5*k + 31. Give s(n).
13
Let j(n) = -1 + 3*n - 4*n + 2*n. Let a(f) = -f**3 - 8*f**2 - 6*f + 10. Let o be a(-7). Let u = o - -2. Give j(u).
4
Let x(b) be the second derivative of b**4/12 - b**3/3 + 3*b**2/2 - b. Let o(l) = l**3 - l**2 - 3*l. Let n be o(3). Suppose 0 = 3*u - 0*u - n. Give x(u).
6
Let q = 17 - 16. Let h(w) = -3*w. Calculate h(q).
-3
Let n = -71 + 74. Let o(c) = -10*c**3 + 3*c**2 + 8*c - 6. Let s(k) = 7*k**3 - 2*k**2 - 5*k + 4. Let x(f) = -5*o(f) - 7*s(f). Calculate x(n).
5
Let i(s) = s**2 - 3*s + 2. Let d(n) = n**2 - 2*n + 2. Let z(r) = -6*d(r) + 5*i(r). Let o(j) = -2*j**2 + 2*j. Let c be o(2). Determine z(c).
-6
Let f(w) = -44*w**2 + 1. Let g be f(1). Let h be g/(-9) + 4/18. Let p(l) = l**2 - 7*l + 7. What is p(h)?
-3
Let o(w) = -8*w**2 + 3*w - 6. Let l be -4*(1 - 21/(-12)). Let i(m) = -3*m**2 + m - 2. Let y(q) = l*i(q) + 4*o(q). Calculate y(2).
4
Let c(b) be the second derivative of 1/6*b**3 + 0 - 3*b + 4*b**2. Give c(-6).
2
Let c = 10 + -9. Let k = -7 - -9. Let h(q) = 14*q**2 + 1 - 3*q + 3*q - 5*q**k. What is h(c)?
10
Suppose 4*i - 12 = 8*i. Let d(v) = -v**3 - 3*v**2 - 3*v - 4. Determine d(i).
5
Let o(i) = i - 3. Let x(n) be the third derivative of -n**5/60 - 5*n**4/24 + 17*n**3/6 - n**2. Let r be x(-7). Determine o(r).
0
Suppose 0 = 4*z + u - 58 + 1, 3*u = -5*z + 66. Suppose 0 = 3*r - 3*j - 2*j + z, r = 3*j - 9. Let b(o) = 3*o**2 + 0*o - 2*o**2 + 2 + o. Determine b(r).
2
Let u(r) = -r**3 + 8*r**2 + 5*r + 5. Let v(h) = -5*h**3 + 32*h**2 + 19*h + 19. Let q(a) = -9*u(a) + 2*v(a). Give q(-7).
-7
Let d(b) = b**3 + 3*b**2 - b - 3. Let r(v) = 1. Let f(q) = 2*q - 2. Let c(t) = -f(t) + 3*r(t). Let i be c(4). Determine d(i).
0
Let r(n) = -8*n - 2. Let g(u) = -u. Let x(b) = -6*g(b) + r(b). Let q = 4 + -4. Suppose q = -3*p - 3*k - 27, 2*k + 21 = -4*p - 7. Calculate x(p).
8
Suppose -3*z - 12 = -3*b, -b + 16 = 3*b - 5*z. Suppose t - 2*l = -2, -2*l = -0*l + b. Let h(k) = k**2 + 5*k + 8. Give h(t).
14
Let h(r) = -r**2 - 10*r - 3. Let a(j) = 3*j**2 + 29*j + 9. Let m(d) = -2*a(d) - 7*h(d). Determine m(-11).
-8
Suppose 0 = 5*g + 15, 4*u - 21 = -g + 4*g. Let k(z) be the second derivative of -z**3/6 + z**2/2 + z. Determine k(u).
-2
Let j = 19 + -11. Let c(a) = -a**2 + 7*a + 4. Determine c(j).
-4
Let t(w) = -10 + 19 - w + 4. Calculate t(6).
7
Let o(n) be the first derivative of n**4/4 - n**3 + n - 7. Give o(4).
17
Let l(y) = -y + 6. Suppose 0 = 2*p + 1 - 13. Let j = -6 + p. Suppose j = u - 2*u - 5. Give l(u).
11
Suppose 15 = 5*g - 2*g. Let r(z) = 5 + 0*z**2 - 4*z - g*z**2 - z + 2*z + z**3. What is r(5)?
-10
Let t = 7 + -3. Let f(z) = 3*z + 0 - 4*z + 0 + t. Calculate f(0).
4
Let f(l) = 6*l + 4. Let d(s) = 2*s + 1. Let y(j) = -8*d(j) + 3*f(j). Determine y(4).
12
Suppose 2*a + 8 = 4*a. Suppose 0 = -7*r + a*r. Let y(o) = -o - o + o + r. Determine y(-5).
5
Let m(z) = z - 5. Let r be m(8). Let l(i) = -2 - 1 + 0*i - i. Give l(r).
-6
Let y(i) = 4*i. Suppose -a = -4 - 1. Suppose -2*z - 4*c = -4*z + 8, 4*z = -3*c + a. Suppose z*u - 4 = -0. Calculate y(u).
8
Let w(c) = -7*c**3 - c**2 - c. Let b be ((-7)/2)/((-5)/(-10)). Let r = -3 - b. Suppose -3 - 1 = r*p. What is w(p)?
7
Let o(m) = -m**2 - 6*m + 2. Let u be o(-6). Let p(f) be the first derivative of -1/3*f**3 - 3 - 3*f + 2*f**2. Determine p(u).
1
Let u be 1 + (-1)/(1/(-4)). Let a(x) = x**3 - 4*x**2 - 6*x + 4. Determine a(u).
-1
Let w(c) = 2*c + 6. Let f(a) = a**3 - 12*a**2 + 11*a + 6. Let i be f(11). Let j(b) = b + 3. Let k(r) = i*w(r) - 13*j(r). Give k(-5).
2
Let l be (-36)/(-90) + (-8)/(-5). Let z(q) = -q**3 - 2*q**2 + 2*q. Calculate z(l).
-12
Suppose 0 = 2*j - 4*r - 12, -3*j + r = j - 59. Let w = 17 - j. Let v(g) = 6*g**3 - g**2 + 1. Determine v(w).
6
Let f(t) = -15 + 5 + t**2 + 8 + 5*t. Let q = -8 + 5. Give f(q).
-8
Let f(b) = b**3 - 7*b**2 + 6*b + 3. Let i be f(6). Suppose -i*p + 3 + 3 = 0. Let n(c) = 0*c**2 - p*c**2 - 3 + c**2. What is n(0)?
-3
Let c(h) = -3*h + 1 + h + h - h**2. Let v be 1/2 + 2/(-4). Determine c(v).
1
Suppose -p - 5 = -2*p. Suppose 3*z = 5*q - 31, -3*q + 3 = p*z - 2. Let g(l) = -l**3 - 3*l**2 - 3*l - 3. What is g(z)?
-1
Let a(b) = -b + 6. Let p(r) = -r**2 - 3*r + 6. Let q be p(-5). Let t be -4*q/(32/10). Suppose 0*k = t*k. What is a(k)?
6
Let f(m) be the second derivative of -m**3/3 - 3*m**2 + m + 3. What is f(-5)?
4
Let o be 2/2*3 + (-14 - -6). Let n(a) = -a**2 - 4*a + 5. What is n(o)?
0
Let l = 57 - 33. Suppose r + a = -3*r + l, 5*a - 10 = 2*r. Let y(c) = 6*c + 4. Let f(n) = -n - 1. Let w(g) = 11*f(g) + 2*y(g). Calculate w(r).
2
Let o(c) = -2*c. Suppose -t + 3 - 9 = 0. Let s be t*4/(-12)*2. What is o(s)?
-8
Let a be (0 - -7)*(0 - 1). Let q(g) = -4*g + 8*g + 4 - 3*g - 2*g. Determine q(a).
11
Let q = -7 - -5. Let x(i) be the third derivative of 4*i**2 + 0*i + 0*i**3 - 1/24*i**4 + 0 - 1/60*i**5. What is x(q)?
-2
Let g(c) = -c**2 + c + 3. Let z be g(0). Let r(i) = -2*i + 0 + i + z. What is r(-5)?
8
Let h(w) = -w - 1. Suppose -2*y + 12 = -4*k - 6*y, 3*k = -4*y - 12. Suppose k*n - 5 = n. Give h(n).
4
Let g(j) = 58*j - 59*j - 8 + 5. Calculate g(5).
-8
Let l(r) = -r**2 - 5*r + 10. Let d be l(-7). Suppose 0 = 4*m - 3*p + 35, m + p = 5*m + 33. Let x = d - m. Let q(w) = 2*w**2 - 6*w. Determine q(x).
8
Let v(w) be the second derivative of 1/12*w**4 - 5*w + 0 + 0*w**3 - 1/2*w**2. Calculate v(-2).
3
Let j(r) = 4*r**2 + 4*r + 2. Let k(l) = -7*l**2 - 9*l - 3. Let c(g) = 5*j(g) + 3*k(g). Give c(-4).
13
Let v(z) = 2*z**3 + z**2 + 3*z + 3. Let s(b) = -5*b**3 - 4*b**2 - 9*b - 9. Let h(k) = 3*s(k) + 8*v(k). Determine h(4).
-15
Let p(f) = -f**2 - 4*f - 4. Let y(a) = -3*a**2 - 7*a - 8. Let b(l) = 5*p(l) - 2*y(l). Calculate b(5).
-9
Let c(a) = -a**2 + 5*a - 6. Let g be 75/(-30)*2/(-1). Calculate c(g).
-6
Let q = 8 - 8. Let j(f) = 6 + 3*f - 3 - 2*f. Calculate j(q).
3
Let z be (-2)/(-4) - 9/2. Let s = z - -6. Let o(u) = -s*u + 3*u - 7 - 2*u. Determine o(-3).
-4
Let k(o) = -3*o + 6. Let w be -5*-3*2/10. Suppose 2*c - 7*c + 35 = 2*j, -3*j = c - 20. Suppose 2*h = w + j. Give k(h).
-6
Let r(t) be the second derivative of -t**5/20 - 5*t**4/12 - 3*t**2/2 - 15*t. Give r(-5).
-3
Let y(r) be the third derivative of 2/3*r**3 + 7/24*r**4 + 0 + 1/60*r**5 + 0*r - 5*r**2. Give y(-6).
-2
Let j(o) be the first derivative of o**5/30 - o**4/12 + o**3/3 - 4. Let u(p) be the third derivative of j(p). Calculate u(3).
10
Let d(n) be the third derivative of n**4/12 + n**3/6 - 158*n**2. Let u = -11 + 7. Give d(u).
-7
Suppose g = 5*g - 8, 4*g = 4*x. Suppose -x*k = 5*y - 30, -k - 1 = -y - 2. Let z(b) = -b + 1. Determine z(k).
-4
Suppose 3*o + 9 = 5*x, -3*x - 2*o - 5 = -6*x. Let g(u) = -3*u + 4 + 3*u**2 + 4*u**x - u**2 + 2*u**3 - 5*u**3. Suppose 4*t + 6 = 2*t. Determine g(t).
4
Let o(l) be the third derivative of l**6/120 - 7*l**5/60 + 3*l**4/8 - 7*l**3/6 + 41*l**2. Calculate o(6).
11
Let b(r) = r**2 - 2*r - 4. Let z be b(4). Suppose o - 2*o + 33 = -4*d, -4*o = d + z. Let l(t) = t + 5. Give l(d).
-3
Let h be 4 - ((-4 - 1) + 19). Let m(n) = n**3 + 9*n**2 - 11*n - 5. What is m(h)?
5
Let i(w) = -5*w**3 - 6*w**2 + 5*w - 6. Let f(t) = t**3 + t**2 - t. Let g(m) = -6*f(m) - i(m). Determine g(0).
6
Let g(a) be the second derivative of a**5/20 - 5*a**4/12 - 7*a**3/6 + 2*a**2 + 6*a. Determine g(6).
-2
Suppose -n = -3*n. Let t = 2 - n. Let z(i) = 2 + 2*i - 4*i**3 + 5*i**3 + 5*i**2 - i**t - i**2. Calculate z(-2).
2
Let w = 21 + -19. Let p(y) = 4*y**w - 9*y + 3 - y**3 + 4*y**2 + 2. What is p(7)?
-9
